{"id":1045,"date":"2024-09-04T18:31:36","date_gmt":"2024-09-04T21:31:36","guid":{"rendered":"https:\/\/emmvictoria-ers.infd.edu.ar\/sitio\/?page_id=1045"},"modified":"2025-08-27T18:50:49","modified_gmt":"2025-08-27T21:50:49","slug":"1045-2","status":"publish","type":"page","link":"https:\/\/emmvictoria-ers.infd.edu.ar\/sitio\/1045-2\/","title":{"rendered":"PROPUESTA 2026"},"content":{"rendered":"\n<div class=\"wp-block-media-text alignwide is-stacked-on-mobile\" style=\"grid-template-columns:55% auto\"><figure class=\"wp-block-media-text__media\"><img decoding=\"async\" loading=\"lazy\" width=\"1900\" height=\"1200\" src=\"https:\/\/emmvictoria-ers.infd.edu.ar\/sitio\/wp-content\/uploads\/2025\/08\/propuesta-2025-4.png\" alt=\"\" class=\"wp-image-1081 size-full\" srcset=\"https:\/\/emmvictoria-ers.infd.edu.ar\/sitio\/wp-content\/uploads\/2025\/08\/propuesta-2025-4.png 1900w, https:\/\/emmvictoria-ers.infd.edu.ar\/sitio\/wp-content\/uploads\/2025\/08\/propuesta-2025-4-1000x632.png 1000w, https:\/\/emmvictoria-ers.infd.edu.ar\/sitio\/wp-content\/uploads\/2025\/08\/propuesta-2025-4-768x485.png 768w, https:\/\/emmvictoria-ers.infd.edu.ar\/sitio\/wp-content\/uploads\/2025\/08\/propuesta-2025-4-1536x970.png 1536w\" sizes=\"(max-width: 1900px) 100vw, 1900px\" \/><\/figure><div class=\"wp-block-media-text__content\">\n<ul>\n<li><strong><em><a href=\"https:\/\/emmvictoria-ers.infd.edu.ar\/sitio\/1030-2\/\" data-type=\"URL\" data-id=\"https:\/\/emmvictoria-ers.infd.edu.ar\/sitio\/1030-2\/\">PROFESORADO DE M\u00daSICA CON ORIENTACI\u00d3N EN EDUCACI\u00d3N MUSICAL<\/a><\/em><\/strong> &#8211; <em><sub>inscripciones<\/sub><\/em><\/li>\n<\/ul>\n\n\n\n<p><\/p>\n\n\n\n<ul>\n<li><strong><em><a href=\"https:\/\/emmvictoria-ers.infd.edu.ar\/sitio\/1037-2\/\" data-type=\"URL\" data-id=\"https:\/\/emmvictoria-ers.infd.edu.ar\/sitio\/1037-2\/\">FORMACI\u00d3N ARTISTICA PARA LA INDUSTRIA CULTURAL &#8211; Especialidad Instrumento<\/a><\/em><\/strong><\/li>\n<\/ul>\n\n\n\n<p><\/p>\n\n\n\n<ul>\n<li><em><strong><a href=\"https:\/\/emmvictoria-ers.infd.edu.ar\/sitio\/1055-2\/\" data-type=\"URL\" data-id=\"https:\/\/emmvictoria-ers.infd.edu.ar\/sitio\/1055-2\/\">FORMACI\u00d3N ARTISTICA B\u00c1SICA<\/a><\/strong><\/em><\/li>\n<\/ul>\n\n\n\n<p><\/p>\n\n\n\n<ul>\n<li><strong><em><a href=\"https:\/\/emmvictoria-ers.infd.edu.ar\/sitio\/1037-2\/\" data-type=\"URL\" data-id=\"https:\/\/emmvictoria-ers.infd.edu.ar\/sitio\/1037-2\/\">LIBRE EXPRESI\u00d3N<\/a><\/em><\/strong><\/li>\n<\/ul>\n\n\n\n<p><\/p>\n\n\n\n<ul>\n<li><strong><em><a href=\"https:\/\/emmvictoria-ers.infd.edu.ar\/sitio\/1060-2\/\" data-type=\"URL\" data-id=\"https:\/\/emmvictoria-ers.infd.edu.ar\/sitio\/1060-2\/\">FORMACI\u00d3N ARTISTICA INFANTIL<\/a><\/em><\/strong><\/li>\n<\/ul>\n<\/div><\/div>\n","protected":false},"excerpt":{"rendered":"","protected":false},"author":579,"featured_media":0,"parent":0,"menu_order":0,"comment_status":"closed","ping_status":"closed","template":"","meta":[],"acf":[],"_links":{"self":[{"href":"https:\/\/emmvictoria-ers.infd.edu.ar\/sitio\/wp-json\/wp\/v2\/pages\/1045"}],"collection":[{"href":"https:\/\/emmvictoria-ers.infd.edu.ar\/sitio\/wp-json\/wp\/v2\/pages"}],"about":[{"href":"https:\/\/emmvictoria-ers.infd.edu.ar\/sitio\/wp-json\/wp\/v2\/types\/page"}],"author":[{"embeddable":true,"href":"https:\/\/emmvictoria-ers.infd.edu.ar\/sitio\/wp-json\/wp\/v2\/users\/579"}],"replies":[{"embeddable":true,"href":"https:\/\/emmvictoria-ers.infd.edu.ar\/sitio\/wp-json\/wp\/v2\/comments?post=1045"}],"version-history":[{"count":9,"href":"https:\/\/emmvictoria-ers.infd.edu.ar\/sitio\/wp-json\/wp\/v2\/pages\/1045\/revisions"}],"predecessor-version":[{"id":1082,"href":"https:\/\/emmvictoria-ers.infd.edu.ar\/sitio\/wp-json\/wp\/v2\/pages\/1045\/revisions\/1082"}],"wp:attachment":[{"href":"https:\/\/emmvictoria-ers.infd.edu.ar\/sitio\/wp-json\/wp\/v2\/media?parent=1045"}],"curies":[{"name":"wp","href":"https:\/\/api.w.org\/{rel}","templated":true}]}}